448 and 5812604?
28
What is the highest common divisor of 27600 and 1007768?
184
What is the highest common factor of 21889975 and 51400?
6425
What is the greatest common divisor of 11367 and 586539?
9
What is the greatest common factor of 16071237 and 11997?
279
What is the greatest common factor of 135 and 882206181?
27
What is the greatest common divisor of 52516 and 91580?
76
Calculate the highest common factor of 77468557 and 41.
41
Calculate the highest common factor of 233024 and 6949676.
1324
What is the highest common factor of 501 and 876390449?
167
Calculate the greatest common factor of 26434860 and 4.
4
Calculate the highest common factor of 84217 and 12090701.
1589
What is the highest common divisor of 197799 and 2163?
21
Calculate the highest common divisor of 73 and 540751223.
73
What is the highest common factor of 3375 and 2149389?
27
What is the greatest common factor of 9804 and 160?
4
What is the highest common divisor of 42211968 and 6216?
888
What is the highest common factor of 51246 and 1243701?
1971
Calculate the highest common divisor of 298 and 699903213.
149
Calculate the highest common factor of 40420 and 2399068.
188
Calculate the greatest common factor of 7885383 and 112101.
1419
Calculate the highest common divisor of 2600 and 17349800.
2600
Calculate the highest common factor of 1288 and 2938054.
14
What is the highest common divisor of 83160 and 664230?
210
What is the greatest common divisor of 21318 and 5282?
38
What is the highest common divisor of 430 and 947930?
10
What is the highest common divisor of 1330 and 70322?
14
What is the highest common factor of 466545 and 15735?
15
What is the greatest common factor of 146 and 7989047?
73
What is the highest common factor of 24 and 36065532?
12
What is the greatest common divisor of 1832055 and 285?
15
What is the greatest common factor of 27816 and 13474952?
152
Calculate the highest common factor of 1771371 and 18.
9
What is the greatest common factor of 10128 and 12666?
6
What is the highest common factor of 693 and 9614781?
99
What is the highest common factor of 835920 and 115020?
1620
What is the greatest common factor of 205577636 and 22484?
3212
What is the greatest common divisor of 74 and 284803615?
37
Calculate the highest common factor of 3473 and 36124787.
151
Calculate the greatest common factor of 369954 and 8541.
117
What is the greatest common divisor of 14940 and 11899935?
45
What is the greatest common divisor of 1996 and 316?
4
What is the greatest common factor of 247311432 and 1154?
1154
Calculate the greatest common divisor of 237 and 1058565319.
79
Calculate the highest common divisor of 402700500 and 1642.
1642
What is the greatest common divisor of 4398 and 22563206?
1466
Calculate the greatest common divisor of 11449 and 1842754.
107
Calculate the greatest common factor of 29858370 and 30.
30
What is the highest common divisor of 168894 and 97056?
18
What is the highest common divisor of 1495 and 1029925?
65
What is the greatest common factor of 14079 and 707616?
39
Calculate the greatest common divisor of 19380 and 6414.
6
What is the greatest common factor of 24226310 and 145?
145
Calculate the greatest common factor of 42053 and 35251883.
3823
What is the greatest common divisor of 134771301 and 63?
63
What is the greatest common factor of 67413 and 284307?
2931
Calculate the highest common factor of 6368 and 9034600.
1592
What is the highest common divisor of 180232780 and 294784?
9212
Calculate the highest common divisor of 93050 and 8950.
50
Calculate the greatest common factor of 287759501 and 908.
227
What is the greatest common divisor of 184 and 47204672?
8
Calculate the greatest common divisor of 176 and 15235935.
11
What is the highest common factor of 3928 and 15628?
4
What is the greatest common divisor of 5848975 and 2200?
275
What is the greatest common divisor of 2275 and 400554?
7
What is the greatest common divisor of 208960552 and 32?
8
What is the greatest common divisor of 5293 and 43924?
79
What is the highest common divisor of 406 and 40496267?
203
What is the highest common divisor of 2957337 and 1953?
9
What is the highest common factor of 49922963 and 1796?
449
What is the greatest common divisor of 178122 and 189?
21
What is the greatest common factor of 4303 and 27862256?
331
Calculate the highest common factor of 1944 and 2885868.
972
What is the greatest common factor of 6698 and 1008066?
34
What is the greatest common factor of 426 and 24687339?
213
Calculate the greatest common factor of 568264 and 439216.
2264
Calculate the highest common factor of 3348 and 2579076.
1116
Calculate the greatest common divisor of 2011407982 and 2014.
2014
What is the highest common factor of 107742228 and 6858?
762
Calculate the greatest common factor of 1823581000 and 1000.
1000
Calculate the highest common factor of 156548 and 374612.
28
Calculate the highest common divisor of 97302180 and 285.
15
Calculate the greatest common divisor of 3692 and 237229460.
3692
Calculate the greatest common divisor of 1636 and 3244286978.
818
Calculate the greatest common divisor of 81 and 1453869.
81
Calculate the greatest common divisor of 205904880 and 2640.
240
What is the greatest common divisor of 6306599 and 169?
13
What is the highest common factor of 19186934 and 2?
2
Calculate the highest common factor of 35053632 and 6.
6
Calculate the highest common factor of 236 and 22932002.
118
Calculate the highest common factor of 3349 and 684900641.
3349
What is the greatest common divisor of 778624 and 5376?
896
Calculate the highest common divisor of 2380774 and 132.
22
What is the greatest common factor of 40 and 95028680?
40
What is the highest common divisor of 89275362 and 132?
66
What is the highest common divisor of 2254 and 233432129?
1127
Calculate the greatest common divisor of 1198514 and 3650.
146
What is the highest common divisor of 9810720 and 343440?
6480
What is the greatest common divisor of 987842198 and 14?
14
What is the greatest common divisor of 929928948 and 57660?
11532
What is the highest common factor of 167391 and 14994?
63
What is the greatest common factor of 859252 and 21696?
452
Calculate the highest common factor of 340765776 and 580.
116
What is the greatest common factor of 183 and 147207?
3
Calculate the greatest common divisor of 4176 and 1244952.
72
What is the greatest common factor of 26 and 62973014?
26
Calculate the highest common factor of 4100 and 936418475.
1025
What is the greatest common divisor of 80 and 1177220?
20
What is the greatest common divisor of 54810 and 988755?
435
What is the highest common factor of 3570 and 2027235?
105
Calculate the highest common factor of 45339777 and 1512.
189
What is the highest common factor of 18475802 and 29341?
2257
Calculate the greatest common divisor of 42458654 and 542.
542
Calculate the highest common factor of 50 and 6785825.
25
What is the highest common factor of 11140679 and 176?
11
What is the highest common factor of 56435808 and 559?
13
What is the greatest common factor of 360 and 124238760?
120
What is the greatest common factor of 169938 and 480087?
81
Calculate the greatest common factor of 2688 and 24525984.
672
Calculate the greatest common divisor of 139019272 and 88.
8
What is the greatest common factor of 2815474 and 1742?
134
What is the highest common factor of 902 and 10830864?
22
What is the highest common divisor of 2079 and 15232239?
297
Calculate the highest common factor of 715507 and 127075.
299
Calculate the highest common divisor of 290284 and 2201.
31
Calculate the highest common divisor of 154546 and 12312.
38
Calculate the highest common factor of 20445660 and 2328.
1164
What is the greatest common divisor of 245 and 144069947?
49
What is the highest common factor of 211519 and 2497?
11
Calculate the highest common factor of 921017 and 8170.
43
What is the greatest common factor of 411 and 52716230?
137
What is the highest common factor of 51200035 and 1177?
107
What is the greatest common factor of 2260 and 631444?
452
Calculate the greatest common divisor of 2418 and 1163935734.
2418
Calculate the highest common factor of 13504 and 11669988.
844
Calculate the greatest common divisor of 2255 and 71570.